-1 - (-13 + 13))?
5
(-3 - -4 - -5) + -2
4
What is the value of 2 - (-4 - (-5 - (1 - 5)))?
5
Evaluate -134 + 128 + (1 - -14).
9
Calculate 4 + -1 - -2 - (-14 + 26).
-7
What is the value of (6 - 1) + 2 + -3 + 3?
7
What is 4 - (6 + -2 - 8)?
8
Calculate -4 - -2 - (1 + 0).
-3
What is 2 + 0 - (-2 + 6) - 3?
-5
Evaluate (3 - 1 - -1) + (-5 - -1).
-1
Calculate -4 + (-1 - 1) + 3.
-3
Calculate (-6 - 0) + -25 + 26.
-5
What is the value of (-4 - (-4 - -3)) + 0 + -2?
-5
Evaluate 11 - (8 - (5 - 4)).
4
What is (1 - 14) + (2 - -2)?
-9
Evaluate 7 - (3 + -8) - 6.
6
6 - (2 - (-7 - (4 + -12)))
5
What is (-8 + -9 - -20) + 2 + -12?
-7
-38 - -41 - (-6 + -1 + 2)
8
Calculate -6 - ((4 - 7) + 3).
-6
(-7 - (-3 + -8)) + (-17 - -5)
-8
Evaluate 45 + -41 + -2 + 1.
3
(5 - 9) + (-1 - -2)
-3
Calculate -4 - ((11 - -2) + -26).
9
Calculate -111 + 114 + (-11 - -1).
-7
What is (6 - 8 - -6) + (3 - 2)?
5
Evaluate -4 + -6 + 20 + -5.
5
What is -7 + 4 - (2 - 3)?
-2
What is -13 - (-15 - (-4 - 5))?
-7
Evaluate 5 - (2 - (3 - 2)).
4
-70 - -79 - (4 + (-3 - -1))
7
Calculate -1 - (0 - (6 + -5)).
0
11 + -12 - (-9 + 3)
5
-77 + 66 + (6 - 0)
-5
(-1 + 2 - -2) + 1 + -1
3
Calculate 7 + -1 + (12 - 14 - 10).
-6
What is (-13 - -5 - -5) + -1 + -1?
-5
Calculate -7 - (2 - 5) - -1.
-3
Calculate -1 + 7 + 3 + -4 - -1.
6
Calculate -6 - ((-1 - 0) + 3 - 4).
-4
What is -4 - (6 - (5 + -1))?
-6
Calculate 3 - (5 + -2 + -2).
2
4 + 6 + (-7 - -2)
5
What is (4 - 13) + -3 + 7?
-5
6 + -11 + (1 - (-1 + 2))
-5
What is the value of 4 + (5 - 6) + (-4 - -1)?
0
Calculate -7 - (8 + 3 + -17).
-1
Evaluate 3 + -8 + 3 - -5.
3
What is 2 - 3 - (3 + (-10 - -2))?
4
What is 0 - (1 + -1 + 6 + -7)?
1
Evaluate 2 + (-2 - 7 - (-11 - -8)).
-4
What is (-4 - 1) + 2 + 5 - -3?
5
Calculate (-5 - (0 + -4)) + 4 + -12.
-9
What is 18 + -31 + (-2 - -12)?
-3
Calculate 3 - 9 - (-4 - -2).
-4
Calculate (-11 - (-1 + -2)) + 4.
-4
Evaluate -2 + -1 - (3 - 4).
-2
What is the value of 5 + -10 + 6 + -3 + -1?
-3
What is 4 + -2 - (4 + 7 + -3)?
-6
11 - (9 + 0) - 1
1
Evaluate (49 - 52) + (1 - (-1 - 2)).
1
What is the value of 4 - 3 - (5 + -10)?
6
What is -1 + -7 - (11 - (19 - 3))?
-3
Evaluate 4 - (-4 + 1 + -2 - -2).
7
(-8 - -1) + 14 + (-3 - -1)
5
What is 0 - 3 - (-1 - -3)?
-5
Calculate (0 - -2) + (-3 - -1).
0
What is (-4 - 1) + (21 - 17)?
-1
What is the value of 12 - 20 - (-16 + (-1 - 0))?
9
What is 4 - (7 + (-6 - -3))?
0
(4 - 2) + 4 + -8
-2
Evaluate 7 - (8 - -1) - 6.
-8
What is -1 - (-4 + (-2 - (-4 - 1)))?
0
Calculate -13 + 20 - (3 + -1).
5
Evaluate 7 + 11 + -21 - -7.
4
Calculate -9 + -4 + (1 - -2) + 4.
-6
What is 1 - 3 - (-3 + 6)?
-5
What is the value of 1 - 4 - (-73 + 75)?
-5
Calculate -8 + (-5 + 3 - -4) + 2.
-4
-47 - -47 - (-1 - -6 - -1)
-6
4 + 2 + (-2 - 1) + -1
2
What is -2 + -1 - (2 - (-1 + -1))?
-7
(6 - 2) + -3 + -2 + -1
-2
-5 + 0 - (1 - 1)
-5
Calculate (1 - 7) + 4 + -2 + 3.
-1
What is (-2 - (3 - 6)) + 1 + -1?
1
((4 - 6) + 2 - 5) + 4
-1
5 + (2 - 14) - -9
2
What is 4 - (2 + 1 + -3 + 3)?
1
What is -2 - (-1 + (4 - 2) + 1)?
-4
Calculate 1 + (-6 - 0) + -26 + 26.
-5
-15 + 19 + (-11 - -1)
-6
(-2 - 1) + 7 - (0 + 3)
1
Evaluate 6 - 1 - (2 - -2).
1
Evaluate (1 - (-15 + 9)) + (-7 - 0).
0
Evaluate -1 + (1 + -3 + 1 - -1).
-1
Evaluate 4 - (3 - (-7 + 5) - -1).
-2
What is the value of -4 + 0 - (-1 - -1 - 5)?
1
What is the value of (-2 - (2 - 5)) + 1?
2
What is the value of -7 - -8 - -2 - 3?
0
What is (-9 - -1 - -9) + 6?
7
What is -6 + (8 + -9 - (-1 - 1))?
-5
Calculate -32 - -35 - (-4 + 2 - 3).
8
Evaluate 6 - (15 - 2) - (1 - 14).
6
What is the value of 4 - (10 - (7 - 2))?
-1
3 - 3 - (-13 + 15) - -5
3
What is the value of 4 + -4 - (4 - 0)?
-4
Evaluate 31 + -23 - (8 - -1).
-1
What is the value of 10 + -7 - (1 + 0 + -1)?
3
-1 - 0 - (4 - (7 + -9))
-7
-9 - (15 + -7 - 10)
-7
What is 2 + (1 - 0) + 6 + -7?
2
Evaluate -10 + -3 + 6 - -4.
-3
Evaluate 9 + -2 + 1 - (24 - 16).
0
What is -5 + 4 - (2 - 0) - -7?
4
What is the value of (3 - -5) + 2 + -5?
5
What is the value of -2 + 2 - 2 - (-13 - -6)?
5
(0 - (3 - 3)) + 0 + -1
-1
What is -3 + 4 + (5 - (2 - 0))?
4
What is 1 + 0 + -5 + 1?
-3
What is -12 + 16 + -3 - -1?
2
What is the value of -9 + (4 - -5) + 6?
6
Evaluate -7 - ((-7 - 5) + 5).
0
-49 - -55 - (0 + 9)
-3
Evaluate 4 + 2 + 0 + -12.
-6
Calculate -14 + 20 - (3 - 1).
4
What is the value of -1 + (-4 - -1 - -3) + -2?
-3
Calculate 1 + 2 + -3 - -3.
3
What is the value of -5 - -12 - 0 - (-1 - -4)?
4
Evaluate -2 + -2 + 0 - -3.
-1
Calculate 1 + -11 + 8 - -5.
3
What is -6 - -3 - -4 - -4?
5
Calculate -4 + 4 - (2 - 5).
3
Calculate -3 - -1 - 5 - -5 - -1.
-1
Evaluate 0 - (2 + -5 + 6).
-3
Evaluate 1 + (11 - 18 - (-1 - 0)).
-5
Calculate (3 - 1) + -1 + (-16 - -21).
6
What is the value of (-1 - 0 - 9) + -1 + 7?
-4
(-1 - 5) + (15 - 8)
1
Evaluate 5 - (0 + 1 + -1) - 1.
4
-4 + (29 + -14 - 1)
10
What is the value of 1 + 9 + 0 + -6?
4
What is the value of (-80 - -74) + 9 + 1?
4
0 + 0 - (-3 + 3)
0
Evaluate -10 + 11 + -5 - -4.
0
15 + -17 + (-1 - -1)
-2
What is (6 - 13) + 6 - 6?
-7
49 - 48 - (-1 + 7 + -1)
-4
What is the value of 10 - 7 - -9 - 7?
5
-6 + (3 - -3) - 1
-1
What is the value of 2 - (2 + -1) - 2?
-1
Evaluate 3 + -13 + 8 + -5.
-7
Evaluate -2 - (-7 + (4 - -6)).
-5
Evaluate -11 - -5 - (0 + -2).
-4
4 - (2 - (2 + 2)) - 5
1
Evaluate (1 - -1) + -12 + 8 + -1.
-3
What is the value of (-1 - -6) + -1 + -2 + -3?
-1
-9 - -13 - ((-2 - -1) + 1)
4
What is 15 + -8 - (-1 - -8)?
0
Evaluate -5 + 15 + -8 + 4.
6
Evaluate -3 + 6 + -4 - 2.
-3
What is -5 - 2 - (3 + -10)?
0
Evaluate -3 - (19 - 10 - 8).
-4
What is (0 - (-1 - 2)) + 1?
4
What is the value of 0 - (-4 - (0 - -1)) - 3?
2
Calculate 2 - -1 - (38 + -31).
-4
Calculate -6 + 9 + 5 - 13.
-5
Evaluate (-2 - (-2 - (-3 - -2))) + -2.
-3
What is 3 + -1 + (-6 - -9) + -7?
-2
Evaluate (-3 - -9 - 2) + -1 + 3.
6
Evaluate -1 + (-6 - -5) + 8.
6
(-3 - -1) + 7 + -8 + 4
1
Evaluate (-8 - (8 + -12)) + 5.
1
Calculate -2 + 2 + 2 - (22 + -20).
0
Evaluate (-9 - (-9 - -3)) + 5.
2
(1 + (-3 - 2) - 0) + 5
1
What is -2 - 0 - -1 - (27 - 30)?
2
What is 219 + -219 - (-1 - 6)?
7
Evaluate 7 + (12 - (28 + -9)).
0
What is -10 - (-8 + 0 - 1)?
-1
Evaluate 3 + (3 - 9) + 0 + 4.
1
Evaluate 6 + 4 + -7 + -2 + 6.
7
Calculate 8 + (-7 - -17 - 19).
-1
4 + -9 - (-3 - 2)
0
8 - (6 + -2) - (-5 - 0)
9
What is (-6 - (-1 - 3)) + 7?
5
What is the value of 4 + (-11 - 4) + 7?
-4
3 - 1 - (9 + 0 + -4)
-3
What is -2 + 1 + (-11 - -13)?
1
1 + 2 + -6 + 5
2
What is -1 - (-5 - -3 - (0 + -3))?
-2
What is -9 - (10 + -11 + 1 + -4)?
-5
What is the value of 0 - 5 - (22 - 22)?
-5
Evaluate 5 + (4 - 4 - 8).
-3
4 + 1 - (6 + -1 + -1)
1
What is 1 - -4 - (-6 + -3 - -11)?
3
What is 8 - (14 - (3 + (-10 - -6)))?
-7
Calculate -4 - -7 - 6 - -5 - 0.
2
(-2 - -4) + (4 - 10) - -3
-1
What is the value of 1 - 1 - (4 + -2 + -8)?
6
3 + -2 + -4 + 1
-2
Evaluate (-3 - (1 + -1)) + 188 + -178.
7
Evaluate 1 - (4 - (-1 - 0)).
-4
Calculate 5 - (1 - (8 + -13)).
-1
Evaluate 1 + 3 + 12 + -8 + -3.
5
What is the value of -42 + 46 + (-2 - -1)?
3
Evaluate -7 - (-5 - (4 - 0)).
2
What is (5 + (0 - -5) - 6) + -4?
0
5 - (2 - -5) - -7
5
Evaluate -9 + (-10 - (7 - 19)).
-7
-8 + 6 + 5 - 4
-1
Evaluate -9 - -1 - (37 - 48).
3
What is the value of (2 - 0) + -1 - (7 - 12)?
6
Evaluate (-4 - 5 - -4) + 4.
-1
3 + -3 + (-2 - -4)
2
What is 7 + -2 + -4 + 3 + -5?
-1
-1 + -5 - (-7 + (-5 - -9))
-3
Evaluate -16 + 14 - (-13 + 9).
2
(3 - 0) + 85 + -87
1
0 - (0 + 2) - -5
3
What is the value of (2 - -1 - -1) + -9?
-5
What is the value of 1 + 2 + (0 + 0 - 10)?
-7
Evaluate -5 + (6 - 2 - (-2 + 3)).
-2
Evaluate 3 - (5 + -8 - -1).
5
Calculate 2 + 1 + -1 - (-4 - -3).
3
What is 22 + -16 + (0 - 0)?
6
Calculate (-7 - -2) + (8 - 7).
-4
4 + (11 - 11) + 2
6
What is the value of -5 + 14 - (10 - (4 + 0))?
3
What is -3 + 2 + 4 - (6 + -7)?
4
Calculate 60 - 77 - (-14 - 0).
-3
Calculate -5 + (10 - (-5 - -9)) + -7.
-6
What is the value of 0 - (2 + (2 - 6))?
2
15 - 9 - (15 + -6)
-3
What is 3 + 3 + -2 + -12 + 11?
3
Calculate 1 - (-5 + -1 + (4 - 1)).
4
What is (1 - -4 - 1) + -9 + -3?
-8
-3 + 0 - (-6 - (-14 - -8))
-3
What is -5 + 3 + (-4 - -9)?
3
What is the value of -5 - 2 - -8 - (4 - -1)?
-4
What is the value of -22 - -26 - (0 + -2 + 1)?
5
Calculate -4 + -10 + 5 + 4.
-5
(4 - 1 - (3 + 0)) + -4
-4
Calculate -1 + (3 - -9) + -4.
7
3 - 2 - -1 - (-2 + 2)
2
Calculate (6 - 1) + -13 + 3.
-5
Evaluate 14 + 3 + -10 + -7.
0
What is the val